hat is 2032 - 24210101?
-24203014
In base 15, what is -1 - 359a40?
-359a41
In base 8, what is 16 - 5415760?
-5415742
In base 11, what is 36 + -1a6069?
-1a6033
In base 5, what is 2441413 + -30042?
2411321
In base 14, what is -3 + a9002b?
a90028
In base 14, what is -267d7125 - -4?
-267d7121
In base 9, what is 307065 - -8684?
316760
In base 6, what is 134304 + 1000?
135304
In base 14, what is 459 + -3239?
-2bc0
In base 2, what is -11101100001110000011 - -101100010?
-11101100001000100001
In base 13, what is 10 + -3292b?
-3291b
In base 12, what is -a361b74 + 3?
-a361b71
In base 5, what is 210432012 - 30?
210431432
In base 15, what is -8d29829 - 2?
-8d2982b
In base 2, what is 110 + -11001110010000100100?
-11001110010000011110
In base 8, what is -5 - 25451273?
-25451300
In base 14, what is -43a38 - 56?
-43a90
In base 3, what is -11110102201 - -2020?
-11110100111
In base 9, what is 124433 - -16?
124450
In base 15, what is 3 - 1bd5880?
-1bd587c
In base 3, what is -11212020010020222 - -11?
-11212020010020211
In base 2, what is 10011000000111101011 - -11011?
10011000001000000110
In base 2, what is 1 - 11011111000110100111101?
-11011111000110100111100
In base 4, what is 113003003133 + -3?
113003003130
In base 12, what is 447 + -6a29a?
-69a53
In base 11, what is 503 + -114548?
-114045
In base 8, what is -103517 + -1222?
-104741
In base 6, what is -4253331 + 50?
-4253241
In base 14, what is -544 - 5724?
-5c68
In base 13, what is 11a - 4c199?
-4c07c
In base 2, what is 10010110111001 + 101001?
10010111100010
In base 7, what is -11103630 - -3023?
-11100604
In base 15, what is 1c1 - -13090?
13261
In base 13, what is -55035 - 6a?
-550a2
In base 4, what is 10320013100 + 20?
10320013120
In base 12, what is -115b9847 - 3?
-115b984a
In base 14, what is -73b5 - -a4?
-7311
In base 5, what is 13000243102 - 1?
13000243101
In base 9, what is 1822 - -3276?
5208
In base 6, what is 30013 - -124340?
154353
In base 4, what is 111132100101 - -3031?
111132103132
In base 2, what is -101 - -101100101111001001101110?
101100101111001001101001
In base 14, what is 2d9d234 + 0?
2d9d234
In base 8, what is -3122 - -7412?
4270
In base 4, what is -200112 - 123310?
-330022
In base 9, what is 162531858 - 5?
162531853
In base 2, what is -1011010101101110101100110 - -10?
-1011010101101110101100100
In base 14, what is -1da + -6c5?
-8c1
In base 7, what is 1064122413 + 4?
1064122420
In base 15, what is -1127 - e36?
-205d
In base 3, what is -11210110 - 202000?
-12112110
In base 14, what is 1 + 89b7b2?
89b7b3
In base 14, what is 9082084 + 4?
9082088
In base 7, what is -1363416 + 31?
-1363355
In base 7, what is 2211 - 32436?
-30225
In base 9, what is 851 + -17247?
-16286
In base 14, what is -2 - -214ca6?
214ca4
In base 14, what is 805 - -a075?
a87a
In base 2, what is 110 - 111101111011011111110101111?
-111101111011011111110101001
In base 3, what is 10200022202122120 + -10?
10200022202122110
In base 7, what is 31 - -4640121?
4640152
In base 6, what is -240504543 + -3?
-240504550
In base 8, what is 3 + 42254714?
42254717
In base 12, what is -4746ba + 460?
-47425a
In base 3, what is -10101 - -1021110101?
1021100000
In base 14, what is 3 - -3856144?
3856147
In base 3, what is 1110 - 100220100112001?
-100220100110121
In base 3, what is -1 - 10102111111202?
-10102111111210
In base 3, what is -10100112220201 - -110122?
-10100112110002
In base 7, what is -26504 - 45364?
-105201
In base 9, what is -148022 + 23?
-147888
In base 2, what is 1011000 + -101101000101010100011?
-101101000101001001011
In base 9, what is 151 - 301726?
-301565
In base 16, what is -4f64 - -449?
-4b1b
In base 15, what is -47 + -36bbde?
-36bc36
In base 10, what is 4266 - -13331?
17597
In base 2, what is -1001110011111 + 110100100001111?
101010101110000
In base 5, what is 321413232 + -311?
321412421
In base 4, what is 12303220 - -100332?
13010212
In base 2, what is 10000001000 - -1011001100110111?
1011011100111111
In base 5, what is -4104440 - 23204?
-4133144
In base 4, what is -1220130 - 1111321?
-2332111
In base 16, what is cafcbd7 - 5?
cafcbd2
In base 8, what is -4 - -150556532?
150556526
In base 3, what is -1022 + -112200001201?
-112200010000
In base 9, what is -3761724 - 54?
-3761778
In base 3, what is 112 - -1000101110012?
1000101110201
In base 9, what is 78228408 + -4?
78228404
In base 6, what is -5 - -23121244000?
23121243551
In base 16, what is e7e - 34a?
b34
In base 15, what is -d2 + -17b2?
-1894
In base 10, what is 59393 - 8306?
51087
In base 14, what is 2ad77d1 - -2?
2ad77d3
In base 10, what is 0 - -3049328?
3049328
In base 15, what is 52 - 7cb7?
-7c65
In base 14, what is 1b42279 + 1a?
1b42295
In base 16, what is b + -611b515?
-611b50a
In base 5, what is 1033 + -3213000?
-3211412
In base 10, what is -369231 - 1099?
-370330
In base 14, what is -123 + 2c39?
2b16
In base 13, what is 77 + 5b368?
5b412
In base 9, what is -105 - 2626?
-2732
In base 5, what is 423434331 - -1001?
423440332
In base 4, what is -222230232 - 112133?
-223003031
In base 5, what is 2120001103 + -330?
2120000223
In base 15, what is -2 - -12da4acd?
12da4acb
In base 9, what is 26777 + 8?
26786
In base 6, what is 1105 - 142250?
-141141
In base 8, what is 0 + -301220166?
-301220166
In base 16, what is -7800c + 6ea?
-77922
In base 8, what is -30256545 + 101?
-30256444
In base 15, what is 3a63c5 + -a?
3a63ba
In base 15, what is 1e + 37b6574?
37b6593
In base 2, what is 1000100011000101111010110010 + 111?
1000100011000101111010111001
In base 3, what is 1100010101222222111 - 10?
1100010101222222101
In base 9, what is 48023 + 475?
48508
In base 9, what is 1250318 + -8?
1250310
In base 9, what is 3 + -131831118?
-131831115
In base 4, what is 33 + 2220323032?
2220323131
In base 9, what is 2 + 263316216?
263316218
In base 15, what is 2 + -ca9c96?
-ca9c94
In base 10, what is 5 + 34344599?
34344604
In base 12, what is 1 - -3a506754?
3a506755
In base 10, what is -5272623 + 19?
-5272604
In base 2, what is 10010100101010001000 + 1000100?
10010100101011001100
In base 2, what is -11111100000100111111101101 + -11?
-11111100000100111111110000
In base 12, what is -60b0a2 + 18?
-60b086
In base 15, what is -1 + -2d828c?
-2d828d
In base 4, what is 10 - 120313213031?
-120313213021
In base 6, what is 4210331 + 20?
4210351
In base 9, what is 126204550 - -1?
126204551
In base 5, what is -20130243 + 13132?
-20112111
In base 12, what is 4180279 + -13?
4180266
In base 6, what is -1250 - 100321?
-102011
In base 16, what is -22761 - 1fa?
-2295b
In base 8, what is 4 + -514211552?
-514211546
In base 11, what is 1873273 - 13?
1873260
In base 8, what is 75005 + -17656?
55127
In base 16, what is 0 - 86ff7f?
-86ff7f
In base 7, what is -4 - -23331561?
23331554
In base 10, what is 3614 + -611?
3003
In base 7, what is -132 - -124421465?
124421333
In base 11, what is 5277aa15 + 0?
5277aa15
In base 10, what is 1349 + 339712?
341061
In base 3, what is 21012 - -12222000221?
12222022010
In base 14, what is 13dd03 - -18c?
140091
In base 6, what is 12 - 103044034?
-103044022
In base 3, what is 1021010211021 + -1022?
1021010202222
In base 11, what is 263570 - 2a?
263541
In base 8, what is -413 - 25632?
-26245
In base 16, what is -34 - -a25a1?
a256d
In base 3, what is 222210010101021220 - -11?
222210010101022001
In base 11, what is -5 - -6340a6a?
6340a65
In base 5, what is 110 + 110023?
110133
In base 5, what is -2 - -4242140313?
4242140311
In base 9, what is -23127 + 271?
-22746
In base 16, what is 31 - 187fa?
-187c9
In base 11, what is -7a0a + 609a?
-1920
In base 12, what is -2 + 232855b?
2328559
In base 2, what is -1001000011 - -11010011111100001?
11010010110011110
In base 8, what is 31 - -1373337?
1373370
In base 11, what is -a52297 + -11?
-a522a8
In base 12, what is -939 - 79ab?
-8728
In base 10, what is 3110 + -14066?
-10956
In base 14, what is -c22c - -149?
-c0c3
In base 13, what is -12580c16 - 4?
-12580c1a
In base 2, what is 1000110100010000 - -10001011011?
1001000101101011
In base 9, what is -274 + -13166?
-13451
In base 7, what is -26 + 236125?
236066
In base 14, what is -6 + -1b5b4?
-1b5ba
In base 3, what is -1000202022121 + 112220?
-1000201202201
In base 6, what is -131 + -3452435?
-3453010
In base 13, what is 8b48098 + 3?
8b4809b
In base 12, what is -4808719 - 3?
-4808720
In base 8, what is -